{"id":297,"date":"2016-12-09T09:59:29","date_gmt":"2016-12-09T08:59:29","guid":{"rendered":"http:\/\/wp.lvg-modellflug.de\/?page_id=297"},"modified":"2017-02-17T19:17:24","modified_gmt":"2017-02-17T18:17:24","slug":"aufnahme","status":"publish","type":"page","link":"http:\/\/www.lvg-modellflug.de\/?page_id=297","title":{"rendered":"Aufnahme"},"content":{"rendered":"<h6>Modellflieger, die noch keinem Verein angeh\u00f6ren, erhalten den Vorzug.<\/h6>\n<h6>Jugendliche und Familienangeh\u00f6rige von Vereinsmitgliedern k\u00f6nnen jederzeit aufgenommen werden.<\/h6>\n<p>&nbsp;<\/p>\n<h4><strong>Kosten der Mitgliedschaft:<\/strong><\/h4>\n<h4><strong>Aktives Mitglied:&nbsp;&nbsp;&nbsp;&nbsp;&nbsp;&nbsp;&nbsp;&nbsp;&nbsp;<\/strong><\/h4>\n<h6>Aufnahmegeb\u00fchr 100,00 EUR\/ Jahresbeitrag 100,00 EUR incl. Versicherung<\/h6>\n<h4><strong>F\u00f6rderndes Mitglied:&nbsp;&nbsp;&nbsp; &nbsp;<\/strong><\/h4>\n<h6>Aufnahmegeb\u00fchr 100,00 EUR\/ Jahresbeitrag 50,00 EUR<\/h6>\n<h4><strong>Jugendliche unter 18 Jahren:<\/strong><\/h4>\n<h6>Aufnahmegeb\u00fchr 50,00 EUR\/ Jahresbeitrag 50,00 EUR incl. Versicherung<\/h6>\n<h6>Der Sportrat steht f\u00fcr weitere Informationen gerne zur Verf\u00fcgung.<\/h6>\n<h6>Gr\u00fcnstadt, den 01.01.09<\/h6>\n<h6>Der Sportrat<\/h6>\n","protected":false},"excerpt":{"rendered":"<p>Modellflieger, die noch keinem Verein angeh\u00f6ren, erhalten den Vorzug. Jugendliche und Familienangeh\u00f6rige von Vereinsmitgliedern k\u00f6nnen jederzeit aufgenommen werden. &nbsp; Kosten der Mitgliedschaft: Aktives Mitglied:&nbsp;&nbsp;&nbsp;&nbsp;&nbsp;&nbsp;&nbsp;&nbsp;&nbsp; Aufnahmegeb\u00fchr 100,00 EUR\/ Jahresbeitrag 100,00 EUR &#8230; <a title=\"Aufnahme\" class=\"read-more\" href=\"http:\/\/www.lvg-modellflug.de\/?page_id=297\" aria-label=\"Mehr Informationen \u00fcber Aufnahme\">Weiterlesen<\/a><\/p>\n","protected":false},"author":6,"featured_media":0,"parent":0,"menu_order":0,"comment_status":"closed","ping_status":"closed","template":"","meta":{"footnotes":""},"class_list":["post-297","page","type-page","status-publish"],"_links":{"self":[{"href":"http:\/\/www.lvg-modellflug.de\/index.php?rest_route=\/wp\/v2\/pages\/297","targetHints":{"allow":["GET"]}}],"collection":[{"href":"http:\/\/www.lvg-modellflug.de\/index.php?rest_route=\/wp\/v2\/pages"}],"about":[{"href":"http:\/\/www.lvg-modellflug.de\/index.php?rest_route=\/wp\/v2\/types\/page"}],"author":[{"embeddable":true,"href":"http:\/\/www.lvg-modellflug.de\/index.php?rest_route=\/wp\/v2\/users\/6"}],"replies":[{"embeddable":true,"href":"http:\/\/www.lvg-modellflug.de\/index.php?rest_route=%2Fwp%2Fv2%2Fcomments&post=297"}],"version-history":[{"count":19,"href":"http:\/\/www.lvg-modellflug.de\/index.php?rest_route=\/wp\/v2\/pages\/297\/revisions"}],"predecessor-version":[{"id":1286,"href":"http:\/\/www.lvg-modellflug.de\/index.php?rest_route=\/wp\/v2\/pages\/297\/revisions\/1286"}],"wp:attachment":[{"href":"http:\/\/www.lvg-modellflug.de\/index.php?rest_route=%2Fwp%2Fv2%2Fmedia&parent=297"}],"curies":[{"name":"wp","href":"https:\/\/api.w.org\/{rel}","templated":true}]}}